114487360?
True
Is 50 a factor of 73615199?
False
Is 3970111 a multiple of 43?
False
Is 108132789 a multiple of 43?
False
Is 76492494 a multiple of 981?
True
Does 1685 divide 20492970?
True
Is 83670284 a multiple of 61?
True
Is 229305010 a multiple of 648?
False
Does 102 divide 271885488?
True
Is 245771300 a multiple of 2075?
True
Is 12 a factor of 2421584724?
True
Is 1799 a factor of 770207905?
False
Is 86711304 a multiple of 24?
True
Is 76198334 a multiple of 1042?
True
Is 30 a factor of 646927200?
True
Is 1454710241 a multiple of 9353?
False
Is 129768592 a multiple of 1096?
True
Is 19 a factor of 34821452?
True
Is 1095987830 a multiple of 3743?
True
Does 32 divide 1974769507?
False
Is 32978844 a multiple of 612?
True
Does 454 divide 15124102?
True
Does 5135 divide 2180920654?
False
Is 21136650 a multiple of 645?
True
Does 15 divide 19073267?
False
Does 897 divide 29921229?
True
Does 198 divide 19200712?
False
Is 308697075 a multiple of 2025?
True
Is 227945502 a multiple of 1401?
True
Is 2291 a factor of 17617655?
False
Is 809 a factor of 537809661?
False
Is 383253818 a multiple of 6665?
False
Is 1048464732 a multiple of 17?
True
Does 178 divide 34687572?
True
Does 44 divide 412911983?
False
Is 24 a factor of 16082808?
True
Does 11 divide 5591809?
False
Is 632 a factor of 465346656?
True
Does 345 divide 507471310?
False
Does 80 divide 6266800?
True
Does 24 divide 8128304?
False
Is 156 a factor of 417426828?
True
Is 79 a factor of 550393553?
True
Is 4284963591 a multiple of 2744?
False
Is 15 a factor of 42113065?
False
Is 24348961 a multiple of 7?
True
Is 2232 a factor of 258866017?
False
Does 63 divide 723315537?
True
Is 2549 a factor of 1200897625?
True
Is 82612746 a multiple of 907?
False
Is 93 a factor of 949804326?
False
Does 1776 divide 620086848?
True
Is 1805131751 a multiple of 49?
False
Is 5102 a factor of 847000661?
False
Does 196 divide 101571852?
False
Does 7 divide 113109059?
True
Is 2238 a factor of 238141104?
True
Does 35 divide 20331780?
True
Does 141 divide 98852985?
True
Does 1156 divide 624206304?
False
Is 716 a factor of 16697836?
True
Is 373056983 a multiple of 3299?
False
Does 1233 divide 218173185?
True
Is 26373890 a multiple of 1966?
True
Is 5291672155 a multiple of 77?
True
Is 194360534 a multiple of 15?
False
Does 294 divide 197786442?
True
Does 62 divide 64052295?
False
Does 1512 divide 331569329?
False
Does 15 divide 16864635?
True
Is 4053 a factor of 3700384947?
True
Is 1296365483 a multiple of 19?
False
Is 1625 a factor of 209105000?
True
Does 19 divide 178909640?
False
Does 187 divide 81275446?
False
Is 1540 a factor of 2149657847?
False
Does 443 divide 1197129619?
False
Does 3 divide 5345796?
True
Does 7 divide 2730082527?
False
Is 10218576 a multiple of 593?
True
Does 14 divide 2415709184?
True
Does 93 divide 162053876?
False
Is 1101 a factor of 1231443546?
False
Is 13041313 a multiple of 36?
False
Does 3682 divide 762805357?
False
Does 2335 divide 514288420?
True
Is 21 a factor of 738367791?
True
Is 55966040 a multiple of 85?
True
Is 399784440 a multiple of 220?
True
Does 1574 divide 768610958?
True
Does 2 divide 57694590?
True
Does 31 divide 16197065?
False
Is 28602179 a multiple of 23?
True
Is 19 a factor of 13458840?
True
Is 24 a factor of 2422030119?
False
Is 87273361 a multiple of 3091?
False
Does 87 divide 618223085?
False
Does 119 divide 143511050?
False
Does 736 divide 37796544?
True
Is 640 a factor of 37942224?
False
Does 324 divide 110364465?
False
Does 40 divide 80390528?
False
Does 27 divide 31003317?
True
Is 65157938 a multiple of 997?
True
Is 777 a factor of 4978472?
False
Is 2646329776 a multiple of 834?
False
Does 1042 divide 29997096?
True
Is 66331372 a multiple of 15?
False
Is 322 a factor of 406364?
True
Is 290094943 a multiple of 44?
False
Is 40462004 a multiple of 8?
False
Does 39 divide 3508202?
False
Does 2 divide 25272715?
False
Does 14 divide 136733184?
True
Is 11 a factor of 209297694?
False
Is 6907474 a multiple of 7?
True
Is 414 a factor of 1097688775?
False
Is 1756700374 a multiple of 16?
False
Is 9 a factor of 46279876?
False
Is 6 a factor of 7581870?
True
Is 42938445 a multiple of 55?
True
Is 105211464 a multiple of 432?
False
Is 80784918 a multiple of 51?
True
Is 19243575 a multiple of 135?
True
Is 44152960 a multiple of 128?
True
Is 172998398 a multiple of 32?
False
Is 48 a factor of 172553040?
True
Is 26 a factor of 8975902?
True
Does 669 divide 1425045597?
True
Does 801 divide 35550087?
False
Does 1014 divide 2644512?
True
Is 2 a factor of 36263?
False
Is 4943 a factor of 1363598013?
False
Does 16 divide 138563728?
True
Is 2754493 a multiple of 17?
True
Is 1066 a factor of 1870483550?
True
Is 479190 a multiple of 415?
False
Does 117 divide 71206815?
False
Does 570 divide 226141754?
False
Does 13 divide 84684015?
True
Does 1098 divide 113786838?
True
Is 202341 even?
False
Is 112045904 a multiple of 328?
False
Is 24 a factor of 173593008?
True
Is 17443367 a multiple of 50?
False
Is 140267652 a multiple of 28?
True
Does 241 divide 2390833?
False
Is 464 a factor of 567313976?
False
Is 60137375 a multiple of 304?
False
Does 12 divide 12429444?
True
Does 17 divide 56735766?
True
Does 918 divide 54132282?
False
Is 59 a factor of 397904614?
True
Does 26 divide 6328761767?
False
Is 2681 a factor of 72335850?
False
Is 17395103 a multiple of 15?
False
Is 564217234 a multiple of 89?
False
Does 1920 divide 807816960?
True
Does 939 divide 118270806?
True
Is 3892 a factor of 148386392?
True
Does 58 divide 41880582?
True
Is 61148225 a multiple of 25?
True
Does 10 divide 3591070?
True
Is 50 a factor of 1609950?
True
Is 66 a factor of 40231678?
False
Is 9587910 a multiple of 802?
True
Does 80 divide 162254720?
True
Is 1508599307 a multiple of 2696?
False
Is 335 a factor of 7604272?
False
Is 38 a factor of 416915632?
True
Is 69 a factor of 74631573?
True
Does 4 divide 82393188?
True
Is 79865614 a multiple of 66?
False
Is 11873 a factor of 2357301039?
True
Is 1586465 a multiple of 3?
False
Does 65 divide 517006333?
False
Is 199838800 a multiple of 2395?
True
Is 50588316 a multiple of 9?
True
Is 6920430 a multiple of 402?
True
Is 603 a factor of 4674421?
False
Is 182661876 a multiple of 693?
False
Is 84 a factor of 1059572220?
True
Is 516921 a multiple of 144?
False
Is 22418917 a multiple of 36?
False
Does 7 divide 2718681?
True
Is 279744947 a multiple of 8?
False
Does 1710 divide 30023000?
False
Is 882337325 a multiple of 725?
True
Is 101 a factor of 519903661?
True
Does 189 divide 16099172?
False
Is 530112924 a multiple of 4906?
True
Is 320251700 a multiple of 100?
True
Does 6 divide 49191534?
True
Does 8 divide 1602408272?
True
Is 39 a factor of 94426059?
True
Is 773 a factor of 20651493?
False
Is 7 a factor of 200946718?
True
Does 1001 divide 13913670?
False
Is 1122 a factor of 95934366?
True
Is 3354953386 a multiple of 11?
False
Does 16 divide 896137886?
False
Is 48197103 a multiple of 294?
False
Does 882 divide 389735675?
False
Is 719 a factor of 180244169?
False
Is 544 a factor of 25481842?
False
Is 522 a factor of 37456110?
True
Is 321747976 a multiple of 11?
True
Is 91 a factor of 1768312?
True
Is 1127 a factor of 27977775?
True
Does 88 divide 233452648?
True
Does 30 divide 543210840?
True
Is 1518 a factor of 19033382?
False
Does 254 divide 35258373?
False
Does 213 divide 5642796?
True
Is 8843929 a multiple of 6?
False
Does 908 divide 127084588?
True
Does 296 divide 35083992?
True
Is 20490617 a multiple of 193?
True
Does 78 divide 3556656246?
True
Is 149833320 a multiple of 273?
True
Is 18334221 a multiple of 684?
False
Is 130 a factor of 4445770810?
True
Does 356 divide 24333394?
False
Is 56117652 a multiple of 775?
False
Is 45679255 a multiple of 23?
False
Does 10 divide 415719010?
True
Is 1028792850 a multiple of 942?
False
Is 236432123 a multiple of 5700?
False
Does 6706 divide 878204112?
False
Does 4 divide 3466508?
True
Is 826870873 a multiple of 1016?
False
Is 439572652 a multiple of 29?
False
Is 19789101 a multiple of 369?
True
Is 3353435120 a multiple of 40?
True
Is 160936014 a multiple of 1160?
False
Is 7281077 a multiple of 44?
False
Is 99 a factor of 77577411?
False
Is 905735520 a multiple of 160?
True
Is 3763845 a multiple of 15?
True
Is 972947 even?
False
Is 99723564 